x = 42 - b. List the prime factors of x.
2
Let w(t) be the second derivative of -2*t + 0 + 1/6*t**3 + 1/2*t**2. List the prime factors of w(3).
2
Suppose -2*o - 3 = -35. List the prime factors of 6/(0 - -2) + o.
19
Suppose -4*x = 4*n, -3*x = 2*x + 3*n - 4. Suppose -x*k - k + 5*v + 20 = 0, k + 4 = -v. Suppose -4*f = -k*f - 24. List the prime factors of f.
2, 3
Suppose s - 5*t + 107 = 5*s, 2*t = -5*s + 138. Suppose s = 4*p - 112. What are the prime factors of p?
5, 7
Suppose 2*s - 5*s = 5*i - 31, s + 3 = 0. Suppose -q = q - i. Suppose -2*o - 5*v = 6, q*o = v + 44 - 12. List the prime factors of o.
7
Let d be (-39)/15 - (-6)/10. List the prime factors of (78/2 - d)*1.
41
Let i be -1 - 4/(0 + 1). Let u(x) = -x**2 - 5*x + 7. What are the prime factors of u(i)?
7
Let d(u) be the second derivative of u**4/12 - u**3 + 5*u**2/2 - 6*u. What are the prime factors of d(6)?
5
Let k = 11 - 7. Let p be k/(12/15) - -2. Let q = p + -2. List the prime factors of q.
5
Let c = 37 + 53. Let b be (-4)/14 + c/21. Suppose 0 = -b*o - o + 10. List the prime factors of o.
2
Let n = 7 - 4. Suppose -4*j - 7 = -3*r, 19 = 5*r - n*j - 0*j. Suppose 2*k = 1 + r. What are the prime factors of k?
3
Let a be ((-39)/12)/((-2)/8). Suppose 9*f = -y + 4*f - 13, 0 = -2*f - 2. Let n = y + a. What are the prime factors of n?
5
Let g = -1 - -3. Let z(t) = -1 + 0 + 6*t + t - g. What are the prime factors of z(2)?
11
Let s(t) = 2*t + 1. Let l be s(-2). Let p be -1 - 2 - (7 - l). Let u = 24 + p. List the prime factors of u.
11
Suppose -5*h - 116 = -h. Let x = -20 - h. What are the prime factors of x?
3
List the prime factors of (-1)/(-4) - (-618)/24.
2, 13
Suppose -20 + 62 = 3*g. Let r = g + -9. Let u = r + 3. What are the prime factors of u?
2
Suppose 0*q = -2*q + 4. Suppose 0 = 3*x + 2*g + 18 - 59, q*x - 2*g = 34. List the prime factors of x.
3, 5
Let n be 3 - (1 - (2 - 2)). Suppose -n*o = -7 - 1. Let r(a) = a**3 - 4*a**2 + a + 1. List the prime factors of r(o).
5
Suppose 0 = -v + 3*y + 31, -2*v + 62 = 4*y - 50. What are the prime factors of v?
2, 23
What are the prime factors of (0 - -1) + -1 - -11?
11
List the prime factors of (-2)/12 - (-1099)/42.
2, 13
Let k be 2 + (-28 - (-3 + 1)). Let t = k - -35. List the prime factors of t.
11
Suppose 146 = 3*g + p, -2*g + p = -0*g - 99. What are the prime factors of g?
7
Suppose o = -2*o + 9, -v = -4*o - 10. Suppose -v = -s - s. What are the prime factors of s?
11
Let b = -13 - -5. Let a = -5 - b. Suppose 0 = -a*d - 2*d + 60. What are the prime factors of d?
2, 3
Suppose 3*f - 4*t = 86, -2*f - 2*t - 5 = -39. What are the prime factors of f?
2, 11
Let m(p) = -5*p - 5. What are the prime factors of m(-6)?
5
Let k = -1 - -10. What are the prime factors of k?
3
Let g be (-2)/8 + (-18)/(-8). Suppose 2*t - 59 = -5*y - 11, 0 = y + g*t - 16. Suppose y = f + 2. List the prime factors of f.
2, 3
Let x(m) = -m + 14. Let q be x(0). Let c = -6 + q. Let i = c - 5. List the prime factors of i.
3
Let l(g) = 6*g + 3. Suppose -f = 5*y - 24, -y + 2 - 18 = -5*f. Let s(u) = 6*u + 4. Let z(r) = y*l(r) - 3*s(r). What are the prime factors of z(2)?
2, 3
Suppose 3*w = -w. Suppose w*n = -4*n + 16. Suppose 5*q = -5*f + 55, -n*f + 5*q + 15 = f. List the prime factors of f.
7
Let m(s) = -s**3 - 14*s**2 + s + 23. What are the prime factors of m(-14)?
3
Suppose 11*f - 15*f + 1244 = 0. What are the prime factors of f?
311
Suppose -17*i + 3*i = -3752. What are the prime factors of i?
2, 67
Let j be 22/6 + (-4)/6. Suppose 0 = 4*k - 5*k + j. List the prime factors of k.
3
Let g(l) = 4*l**2 - 1. Let m be g(1). Suppose -48 = -m*k - k. Suppose 5*o + 2*i - 27 = i, 0 = -4*o - 4*i + k. List the prime factors of o.
2, 3
Let t be (-3)/(-6) + 1/(-2). Suppose t = l - b, 0 = -3*l - l + b - 9. What are the prime factors of 3 + ((-6)/l - 0)?
5
Suppose 8*m - 50 = 3*m. Let x = 16 - m. List the prime factors of x.
2, 3
Let s(l) = 8*l**2 + 2*l - 6. Let r(y) = y**2 - 1. Let n(p) = -3*r(p) + s(p). What are the prime factors of n(3)?
2, 3
Let j be (-57)/(-9) - 2/6. Let a be (1 - 13)*(1 + 1). What are the prime factors of ((-8)/j)/(4/a)?
2
Suppose -129 = 5*a - 8*a. Suppose 5*s + 4*k = a, k = 5*s - s - 47. List the prime factors of s.
11
Suppose 2*d - 17 + 5 = 2*m, -m + 19 = 4*d. Let f = m - -3. List the prime factors of f.
2
Let d = 9 + 31. List the prime factors of d.
2, 5
Let a = -30 - -34. Suppose i + 77 = 2*h, -h + 3*i = 8*i - 55. Suppose -2*b + 3*y + h - 13 = 0, -a*y - 40 = -3*b. List the prime factors of b.
2, 3
Let p(r) = 4*r - 2. Let o = 4 - 2. List the prime factors of p(o).
2, 3
Suppose 0 = -0*u + 5*u - 15. Suppose 3*h - 5*l - 154 = 0, u*l = -5*h + 146 + 54. List the prime factors of h.
43
Let b(p) = -p**3 - 6*p**2 + 4*p + 1. What are the prime factors of b(-7)?
2, 11
Suppose 42 = 5*c + 4*s, 4*c - 2 = -3*s + 31. Suppose -3*b - 3*g = c, -4*b = -g + 3 - 15. Suppose 0 = -z + b + 1. What are the prime factors of z?
3
Let i(f) = -f - 1. Let c be i(-3). Suppose -c*k + 5 = 3*k. Suppose 0 = 2*g - k - 3. List the prime factors of g.
2
Let c(o) = -o**3 - 3*o**2 + 2. Let q be c(-3). Let j be -1*(-23 - (q + 0)). Suppose -j = -3*n + v, v - 5 = 6*v. What are the prime factors of n?
2
Let t = 0 - -2. Let b = 7 + t. What are the prime factors of b?
3
Let t(k) = k**2 + 3*k - 7. Let w be t(-5). Suppose 5*o = -10, 0 = -2*x + 5*x - w*o - 78. Suppose p = 3*p - x. What are the prime factors of p?
2, 3
Suppose -5*w + 2*w + 6 = 0. Suppose p + 59 = 2*a, w*a - 4*p - 68 = -0*p. Suppose 0 = -5*g + g + a. List the prime factors of g.
7
Let r(u) = 8*u - 7. What are the prime factors of r(4)?
5
Let z = -5 - -8. Suppose -z*a = 3*t - 18, -a - 4 = 1. List the prime factors of t.
11
Let t be 140/(-18) - (-8)/(-36). Let j = t + 11. What are the prime factors of j?
3
Suppose -l = -5*l - 36. Let n(g) = g**2 + 6*g - 2. What are the prime factors of n(l)?
5
Let r be 1*15/9*3. Suppose -16 = 2*m + f - r*f, 3*f - 7 = 4*m. What are the prime factors of 20/m + (2 - 1)?
11
Let q be 31 + (-2)/2 - 2. Suppose 0 = -l + 3*l - q. What are the prime factors of l?
2, 7
Let m(y) be the third derivative of -y**4/8 + 4*y**3/3 + y**2. Let s(p) = 2*p - 8. Let x(u) = -3*m(u) - 4*s(u). List the prime factors of x(-6).
2
Let y(p) = -p**2 - 5*p + 11. Let z be y(-8). Let q = z + 21. What are the prime factors of q?
2
Suppose -6*l = -l - 10. What are the prime factors of l?
2
Let p(l) = 2*l - 1. Let z be p(1). What are the prime factors of z/(3/(-2))*-3?
2
Let y be (-2)/3*(-150)/20. Suppose -s + 22 = -3*u, -5*u - 110 = -y*s + 10. What are the prime factors of s?
5
Let d(s) = -3*s - 5. Let w be d(-12). Suppose 2*z - w = 39. List the prime factors of z.
5, 7
Suppose 12 = 2*a - 5*a. Let r(h) = h**2 + 2*h + 2. Let x be r(0). Let i = x - a. List the prime factors of i.
2, 3
Let s(h) = h + 3. Let k be s(-1). List the prime factors of -1 + (21 - (-4)/k).
2, 11
Let g(p) = -p**2 + 5*p - 3. Let w be g(4). Let h(t) = 14*t**2 + t. List the prime factors of h(w).
3, 5
Suppose 3*w + w = -12. Let a = 15 - w. What are the prime factors of 222/a - 2/(-3)?
13
Suppose -3*u + 2*u = -4*j + 84, 76 = 4*j - 3*u. What are the prime factors of j?
2, 11
Let c(n) = -7*n**3 - n**2 + n - 1. Let t be c(1). List the prime factors of (4/5)/(t/(-20)).
2
Let y(r) be the third derivative of -r**6/120 - r**5/20 + r**4/24 + r**3/2 + 5*r**2. Let w be y(-5). Let v = -31 + w. List the prime factors of v.
17
Suppose -8*g = -3*g - 125. List the prime factors of g.
5
Suppose -3*x + 78 = -0*x. List the prime factors of x.
2, 13
Suppose -4*l + 0*l = -4*s + 28, 4*s + 2*l = 58. Suppose -3*w + 0*w + s = 0. Suppose -3*n + 3*b + 12 = 0, -w*n = -3*b - 3 - 15. List the prime factors of n.
2, 3
Let o(a) = -a**2 - 10*a + 8. Let s be (18/(-4))/((-3)/(-6)). What are the prime factors of o(s)?
17
Let i(z) be the first derivative of z**3/3 + 2*z**2 + 7*z - 2. List the prime factors of i(-6).
19
Let g(q) = q**3 - 4*q**2 - q - 8. List the prime factors of g(6).
2, 29
Suppose 5*r - 435 = -155. What are the prime factors of (1*3)/(21/r)?
2
What are the prime factors of -1*4 - 847/(-11)?
73
Suppose 5*u + 8 = -267. What are the prime factors of (-10)/u - (-150)/22?
7
Let a(c) = c**2 - 7*c + 5. Let o be a(5). List the prime factors of (-73)/o - (-15)/(-25).
2, 7
Let g be 1 + 1 + -2 + 3. Suppose 6*m = -2*y + g*m + 1